[INFO] fetching crate simd-slice 0.1.0...
[INFO] checking simd-slice-0.1.0 against master#e6e4f7ed1589e03bc2f6c5931c1a72e7947e8682 for beta-170-4
[INFO] extracting crate simd-slice 0.1.0 into /workspace/builds/worker-3-tc2/source
[INFO] validating manifest of crates.io crate simd-slice 0.1.0 on toolchain e6e4f7ed1589e03bc2f6c5931c1a72e7947e8682
[INFO] running `Command { std: CARGO_HOME="/workspace/cargo-home" RUSTUP_HOME="/workspace/rustup-home" "/workspace/cargo-home/bin/cargo" "+e6e4f7ed1589e03bc2f6c5931c1a72e7947e8682" "metadata" "--manifest-path" "Cargo.toml" "--no-deps", kill_on_drop: false }`
[INFO] removed /workspace/builds/worker-3-tc2/source/rust-toolchain
[INFO] started tweaking crates.io crate simd-slice 0.1.0
[INFO] finished tweaking crates.io crate simd-slice 0.1.0
[INFO] tweaked toml for crates.io crate simd-slice 0.1.0 written to /workspace/builds/worker-3-tc2/source/Cargo.toml
[INFO] running `Command { std: CARGO_HOME="/workspace/cargo-home" RUSTUP_HOME="/workspace/rustup-home" __CARGO_TEST_CHANNEL_OVERRIDE_DO_NOT_USE_THIS="nightly" "/workspace/cargo-home/bin/cargo" "+e6e4f7ed1589e03bc2f6c5931c1a72e7947e8682" "generate-lockfile" "--manifest-path" "Cargo.toml" "-Zno-index-update", kill_on_drop: false }`
[INFO] running `Command { std: CARGO_HOME="/workspace/cargo-home" RUSTUP_HOME="/workspace/rustup-home" "/workspace/cargo-home/bin/cargo" "+e6e4f7ed1589e03bc2f6c5931c1a72e7947e8682" "fetch" "--manifest-path" "Cargo.toml", kill_on_drop: false }`
[INFO] running `Command { std: "docker" "create" "-v" "/var/lib/crater-agent-workspace/builds/worker-3-tc2/target:/opt/rustwide/target:rw,Z" "-v" "/var/lib/crater-agent-workspace/builds/worker-3-tc2/source:/opt/rustwide/workdir:ro,Z" "-v" "/var/lib/crater-agent-workspace/cargo-home:/opt/rustwide/cargo-home:ro,Z" "-v" "/var/lib/crater-agent-workspace/rustup-home:/opt/rustwide/rustup-home:ro,Z" "-e" "SOURCE_DIR=/opt/rustwide/workdir" "-e" "CARGO_TARGET_DIR=/opt/rustwide/target" "-e" "CARGO_HOME=/opt/rustwide/cargo-home" "-e" "RUSTUP_HOME=/opt/rustwide/rustup-home" "-w" "/opt/rustwide/workdir" "-m" "1610612736" "--user" "0:0" "--network" "none" "ghcr.io/rust-lang/crates-build-env/linux@sha256:19e73879b68f455e41552ea35293514db52ea292d993f571636dbffedb77a1ee" "/opt/rustwide/cargo-home/bin/cargo" "+e6e4f7ed1589e03bc2f6c5931c1a72e7947e8682" "metadata" "--no-deps" "--format-version=1", kill_on_drop: false }`
[INFO] [stdout] 9acccde9ec8764d79b36379fdc8d5dd593542e74a8031766d8f0935e40ac0473
[INFO] running `Command { std: "docker" "start" "-a" "9acccde9ec8764d79b36379fdc8d5dd593542e74a8031766d8f0935e40ac0473", kill_on_drop: false }`
[INFO] running `Command { std: "docker" "inspect" "9acccde9ec8764d79b36379fdc8d5dd593542e74a8031766d8f0935e40ac0473", kill_on_drop: false }`
[INFO] running `Command { std: "docker" "rm" "-f" "9acccde9ec8764d79b36379fdc8d5dd593542e74a8031766d8f0935e40ac0473", kill_on_drop: false }`
[INFO] [stdout] 9acccde9ec8764d79b36379fdc8d5dd593542e74a8031766d8f0935e40ac0473
[INFO] running `Command { std: "docker" "create" "-v" "/var/lib/crater-agent-workspace/builds/worker-3-tc2/target:/opt/rustwide/target:rw,Z" "-v" "/var/lib/crater-agent-workspace/builds/worker-3-tc2/source:/opt/rustwide/workdir:ro,Z" "-v" "/var/lib/crater-agent-workspace/cargo-home:/opt/rustwide/cargo-home:ro,Z" "-v" "/var/lib/crater-agent-workspace/rustup-home:/opt/rustwide/rustup-home:ro,Z" "-e" "SOURCE_DIR=/opt/rustwide/workdir" "-e" "CARGO_TARGET_DIR=/opt/rustwide/target" "-e" "CARGO_INCREMENTAL=0" "-e" "RUST_BACKTRACE=full" "-e" "RUSTFLAGS=--cap-lints=forbid" "-e" "RUSTDOCFLAGS=--cap-lints=forbid" "-e" "CARGO_HOME=/opt/rustwide/cargo-home" "-e" "RUSTUP_HOME=/opt/rustwide/rustup-home" "-w" "/opt/rustwide/workdir" "-m" "1610612736" "--user" "0:0" "--network" "none" "ghcr.io/rust-lang/crates-build-env/linux@sha256:19e73879b68f455e41552ea35293514db52ea292d993f571636dbffedb77a1ee" "/opt/rustwide/cargo-home/bin/cargo" "+e6e4f7ed1589e03bc2f6c5931c1a72e7947e8682" "check" "--frozen" "--all" "--all-targets" "--message-format=json", kill_on_drop: false }`
[INFO] [stdout] 2d5cb1953f42cfea5e372645bf30cd03448787e9fe799a133b7fd863a7da26db
[INFO] running `Command { std: "docker" "start" "-a" "2d5cb1953f42cfea5e372645bf30cd03448787e9fe799a133b7fd863a7da26db", kill_on_drop: false }`
[INFO] [stderr]     Checking num-bigint v0.4.3
[INFO] [stderr]     Checking num-rational v0.4.1
[INFO] [stderr]     Checking num v0.4.0
[INFO] [stderr]     Checking simd-slice v0.1.0 (/opt/rustwide/workdir)
[INFO] [stdout] error[E0599]: no method named `horizontal_sum` found for struct `Simd` in the current scope
[INFO] [stdout]    --> src/lib.rs:36:35
[INFO] [stdout]     |
[INFO] [stdout] 36  |                 let mut agg = agg.horizontal_sum();
[INFO] [stdout]     |                                   ^^^^^^^^^^^^^^ method not found in `Simd<u8, 4>`
[INFO] [stdout] ...
[INFO] [stdout] 105 | impl_op!(u8);
[INFO] [stdout]     | ------------ in this macro invocation
[INFO] [stdout]     |
[INFO] [stdout]     = note: this error originates in the macro `impl_op` (in Nightly builds, run with -Z macro-backtrace for more info)
[INFO] [stdout] 
[INFO] [stdout] 
[INFO] [stdout] error[E0599]: no method named `horizontal_sum` found for struct `Simd` in the current scope
[INFO] [stdout]    --> src/lib.rs:36:35
[INFO] [stdout]     |
[INFO] [stdout] 36  |                 let mut agg = agg.horizontal_sum();
[INFO] [stdout]     |                                   ^^^^^^^^^^^^^^ method not found in `Simd<u8, 4>`
[INFO] [stdout] ...
[INFO] [stdout] 105 | impl_op!(u8);
[INFO] [stdout]     | ------------ in this macro invocation
[INFO] [stdout]     |
[INFO] [stdout]     = note: this error originates in the macro `impl_op` (in Nightly builds, run with -Z macro-backtrace for more info)
[INFO] [stdout] 
[INFO] [stdout] 
[INFO] [stdout] error[E0599]: no method named `horizontal_min` found for struct `Simd` in the current scope
[INFO] [stdout]    --> src/lib.rs:52:39
[INFO] [stdout]     |
[INFO] [stdout] 52  |                     let mut agg = agg.horizontal_min();
[INFO] [stdout]     |                                       ^^^^^^^^^^^^^^ method not found in `Simd<u8, 4>`
[INFO] [stdout] ...
[INFO] [stdout] 105 | impl_op!(u8);
[INFO] [stdout]     | ------------ in this macro invocation
[INFO] [stdout]     |
[INFO] [stdout]     = note: this error originates in the macro `impl_op` (in Nightly builds, run with -Z macro-backtrace for more info)
[INFO] [stdout] 
[INFO] [stdout] 
[INFO] [stdout] error[E0599]: no method named `horizontal_min` found for struct `Simd` in the current scope
[INFO] [stdout]    --> src/lib.rs:52:39
[INFO] [stdout]     |
[INFO] [stdout] 52  |                     let mut agg = agg.horizontal_min();
[INFO] [stdout]     |                                       ^^^^^^^^^^^^^^ method not found in `Simd<u8, 4>`
[INFO] [stdout] ...
[INFO] [stdout] 105 | impl_op!(u8);
[INFO] [stdout]     | ------------ in this macro invocation
[INFO] [stdout]     |
[INFO] [stdout]     = note: this error originates in the macro `impl_op` (in Nightly builds, run with -Z macro-backtrace for more info)
[INFO] [stdout] 
[INFO] [stdout] 
[INFO] [stdout] error[E0599]: no method named `horizontal_max` found for struct `Simd` in the current scope
[INFO] [stdout]    --> src/lib.rs:83:39
[INFO] [stdout]     |
[INFO] [stdout] 83  |                     let mut agg = agg.horizontal_max();
[INFO] [stdout]     |                                       ^^^^^^^^^^^^^^ method not found in `Simd<u8, 4>`
[INFO] [stdout] ...
[INFO] [stdout] 105 | impl_op!(u8);
[INFO] [stdout]     | ------------ in this macro invocation
[INFO] [stdout]     |
[INFO] [stdout]     = note: this error originates in the macro `impl_op` (in Nightly builds, run with -Z macro-backtrace for more info)
[INFO] [stdout] 
[INFO] [stdout] 
[INFO] [stdout] error[E0599]: no method named `horizontal_max` found for struct `Simd` in the current scope
[INFO] [stdout]    --> src/lib.rs:83:39
[INFO] [stdout]     |
[INFO] [stdout] 83  |                     let mut agg = agg.horizontal_max();
[INFO] [stdout]     |                                       ^^^^^^^^^^^^^^ method not found in `Simd<u8, 4>`
[INFO] [stdout] ...
[INFO] [stdout] 105 | impl_op!(u8);
[INFO] [stdout]     | ------------ in this macro invocation
[INFO] [stdout]     |
[INFO] [stdout]     = note: this error originates in the macro `impl_op` (in Nightly builds, run with -Z macro-backtrace for more info)
[INFO] [stdout] 
[INFO] [stdout] 
[INFO] [stdout] error[E0599]: no method named `horizontal_sum` found for struct `Simd` in the current scope
[INFO] [stdout]    --> src/lib.rs:36:35
[INFO] [stdout]     |
[INFO] [stdout] 36  |                 let mut agg = agg.horizontal_sum();
[INFO] [stdout]     |                                   ^^^^^^^^^^^^^^ method not found in `Simd<u16, 4>`
[INFO] [stdout] ...
[INFO] [stdout] 106 | impl_op!(u16);
[INFO] [stdout]     | ------------- in this macro invocation
[INFO] [stdout]     |
[INFO] [stdout]     = note: this error originates in the macro `impl_op` (in Nightly builds, run with -Z macro-backtrace for more info)
[INFO] [stdout] 
[INFO] [stdout] 
[INFO] [stdout] error[E0599]: no method named `horizontal_min` found for struct `Simd` in the current scope
[INFO] [stdout]    --> src/lib.rs:52:39
[INFO] [stdout]     |
[INFO] [stdout] 52  |                     let mut agg = agg.horizontal_min();
[INFO] [stdout]     |                                       ^^^^^^^^^^^^^^ method not found in `Simd<u16, 4>`
[INFO] [stdout] ...
[INFO] [stdout] 106 | impl_op!(u16);
[INFO] [stdout]     | ------------- in this macro invocation
[INFO] [stdout]     |
[INFO] [stdout]     = note: this error originates in the macro `impl_op` (in Nightly builds, run with -Z macro-backtrace for more info)
[INFO] [stdout] 
[INFO] [stdout] 
[INFO] [stdout] error[E0599]: no method named `horizontal_sum` found for struct `Simd` in the current scope
[INFO] [stdout]    --> src/lib.rs:36:35
[INFO] [stdout]     |
[INFO] [stdout] 36  |                 let mut agg = agg.horizontal_sum();
[INFO] [stdout]     |                                   ^^^^^^^^^^^^^^ method not found in `Simd<u16, 4>`
[INFO] [stdout] ...
[INFO] [stdout] 106 | impl_op!(u16);
[INFO] [stdout]     | ------------- in this macro invocation
[INFO] [stdout]     |
[INFO] [stdout]     = note: this error originates in the macro `impl_op` (in Nightly builds, run with -Z macro-backtrace for more info)
[INFO] [stdout] 
[INFO] [stdout] 
[INFO] [stdout] error[E0599]: no method named `horizontal_min` found for struct `Simd` in the current scope
[INFO] [stdout]    --> src/lib.rs:52:39
[INFO] [stdout]     |
[INFO] [stdout] 52  |                     let mut agg = agg.horizontal_min();
[INFO] [stdout]     |                                       ^^^^^^^^^^^^^^ method not found in `Simd<u16, 4>`
[INFO] [stdout] ...
[INFO] [stdout] 106 | impl_op!(u16);
[INFO] [stdout]     | ------------- in this macro invocation
[INFO] [stdout]     |
[INFO] [stdout]     = note: this error originates in the macro `impl_op` (in Nightly builds, run with -Z macro-backtrace for more info)
[INFO] [stdout] 
[INFO] [stdout] 
[INFO] [stdout] error[E0599]: no method named `horizontal_max` found for struct `Simd` in the current scope
[INFO] [stdout]    --> src/lib.rs:83:39
[INFO] [stdout]     |
[INFO] [stdout] 83  |                     let mut agg = agg.horizontal_max();
[INFO] [stdout]     |                                       ^^^^^^^^^^^^^^ method not found in `Simd<u16, 4>`
[INFO] [stdout] ...
[INFO] [stdout] 106 | impl_op!(u16);
[INFO] [stdout]     | ------------- in this macro invocation
[INFO] [stdout]     |
[INFO] [stdout]     = note: this error originates in the macro `impl_op` (in Nightly builds, run with -Z macro-backtrace for more info)
[INFO] [stdout] 
[INFO] [stdout] 
[INFO] [stdout] error[E0599]: no method named `horizontal_sum` found for struct `Simd` in the current scope
[INFO] [stdout]    --> src/lib.rs:36:35
[INFO] [stdout]     |
[INFO] [stdout] 36  |                 let mut agg = agg.horizontal_sum();
[INFO] [stdout]     |                                   ^^^^^^^^^^^^^^ method not found in `Simd<u32, 4>`
[INFO] [stdout] ...
[INFO] [stdout] 107 | impl_op!(u32);
[INFO] [stdout]     | ------------- in this macro invocation
[INFO] [stdout]     |
[INFO] [stdout]     = note: this error originates in the macro `impl_op` (in Nightly builds, run with -Z macro-backtrace for more info)
[INFO] [stdout] 
[INFO] [stdout] 
[INFO] [stdout] error[E0599]: no method named `horizontal_max` found for struct `Simd` in the current scope
[INFO] [stdout]    --> src/lib.rs:83:39
[INFO] [stdout]     |
[INFO] [stdout] 83  |                     let mut agg = agg.horizontal_max();
[INFO] [stdout]     |                                       ^^^^^^^^^^^^^^ method not found in `Simd<u16, 4>`
[INFO] [stdout] ...
[INFO] [stdout] 106 | impl_op!(u16);
[INFO] [stdout]     | ------------- in this macro invocation
[INFO] [stdout]     |
[INFO] [stdout]     = note: this error originates in the macro `impl_op` (in Nightly builds, run with -Z macro-backtrace for more info)
[INFO] [stdout] 
[INFO] [stdout] 
[INFO] [stdout] error[E0599]: no method named `horizontal_min` found for struct `Simd` in the current scope
[INFO] [stdout]    --> src/lib.rs:52:39
[INFO] [stdout]     |
[INFO] [stdout] 52  |                     let mut agg = agg.horizontal_min();
[INFO] [stdout]     |                                       ^^^^^^^^^^^^^^ method not found in `Simd<u32, 4>`
[INFO] [stdout] ...
[INFO] [stdout] 107 | impl_op!(u32);
[INFO] [stdout]     | ------------- in this macro invocation
[INFO] [stdout]     |
[INFO] [stdout]     = note: this error originates in the macro `impl_op` (in Nightly builds, run with -Z macro-backtrace for more info)
[INFO] [stdout] 
[INFO] [stdout] 
[INFO] [stdout] error[E0599]: no method named `horizontal_sum` found for struct `Simd` in the current scope
[INFO] [stdout]    --> src/lib.rs:36:35
[INFO] [stdout]     |
[INFO] [stdout] 36  |                 let mut agg = agg.horizontal_sum();
[INFO] [stdout]     |                                   ^^^^^^^^^^^^^^ method not found in `Simd<u32, 4>`
[INFO] [stdout] ...
[INFO] [stdout] 107 | impl_op!(u32);
[INFO] [stdout]     | ------------- in this macro invocation
[INFO] [stdout]     |
[INFO] [stdout]     = note: this error originates in the macro `impl_op` (in Nightly builds, run with -Z macro-backtrace for more info)
[INFO] [stdout] 
[INFO] [stdout] 
[INFO] [stdout] error[E0599]: no method named `horizontal_max` found for struct `Simd` in the current scope
[INFO] [stdout]    --> src/lib.rs:83:39
[INFO] [stdout]     |
[INFO] [stdout] 83  |                     let mut agg = agg.horizontal_max();
[INFO] [stdout]     |                                       ^^^^^^^^^^^^^^ method not found in `Simd<u32, 4>`
[INFO] [stdout] ...
[INFO] [stdout] 107 | impl_op!(u32);
[INFO] [stdout]     | ------------- in this macro invocation
[INFO] [stdout]     |
[INFO] [stdout]     = note: this error originates in the macro `impl_op` (in Nightly builds, run with -Z macro-backtrace for more info)
[INFO] [stdout] 
[INFO] [stdout] 
[INFO] [stdout] error[E0599]: no method named `horizontal_min` found for struct `Simd` in the current scope
[INFO] [stdout]    --> src/lib.rs:52:39
[INFO] [stdout]     |
[INFO] [stdout] 52  |                     let mut agg = agg.horizontal_min();
[INFO] [stdout]     |                                       ^^^^^^^^^^^^^^ method not found in `Simd<u32, 4>`
[INFO] [stdout] ...
[INFO] [stdout] 107 | impl_op!(u32);
[INFO] [stdout]     | ------------- in this macro invocation
[INFO] [stdout]     |
[INFO] [stdout]     = note: this error originates in the macro `impl_op` (in Nightly builds, run with -Z macro-backtrace for more info)
[INFO] [stdout] 
[INFO] [stdout] 
[INFO] [stdout] error[E0599]: no method named `horizontal_max` found for struct `Simd` in the current scope
[INFO] [stdout]    --> src/lib.rs:83:39
[INFO] [stdout]     |
[INFO] [stdout] 83  |                     let mut agg = agg.horizontal_max();
[INFO] [stdout]     |                                       ^^^^^^^^^^^^^^ method not found in `Simd<u32, 4>`
[INFO] [stdout] ...
[INFO] [stdout] 107 | impl_op!(u32);
[INFO] [stdout]     | ------------- in this macro invocation
[INFO] [stdout]     |
[INFO] [stdout]     = note: this error originates in the macro `impl_op` (in Nightly builds, run with -Z macro-backtrace for more info)
[INFO] [stdout] 
[INFO] [stdout] 
[INFO] [stdout] error[E0599]: no method named `horizontal_sum` found for struct `Simd` in the current scope
[INFO] [stdout]    --> src/lib.rs:36:35
[INFO] [stdout]     |
[INFO] [stdout] 36  |                 let mut agg = agg.horizontal_sum();
[INFO] [stdout]     |                                   ^^^^^^^^^^^^^^ method not found in `Simd<u64, 4>`
[INFO] [stdout] ...
[INFO] [stdout] 108 | impl_op!(u64);
[INFO] [stdout]     | ------------- in this macro invocation
[INFO] [stdout]     |
[INFO] [stdout]     = note: this error originates in the macro `impl_op` (in Nightly builds, run with -Z macro-backtrace for more info)
[INFO] [stdout] 
[INFO] [stdout] 
[INFO] [stdout] error[E0599]: no method named `horizontal_sum` found for struct `Simd` in the current scope
[INFO] [stdout]    --> src/lib.rs:36:35
[INFO] [stdout]     |
[INFO] [stdout] 36  |                 let mut agg = agg.horizontal_sum();
[INFO] [stdout]     |                                   ^^^^^^^^^^^^^^ method not found in `Simd<u64, 4>`
[INFO] [stdout] ...
[INFO] [stdout] 108 | impl_op!(u64);
[INFO] [stdout]     | ------------- in this macro invocation
[INFO] [stdout]     |
[INFO] [stdout]     = note: this error originates in the macro `impl_op` (in Nightly builds, run with -Z macro-backtrace for more info)
[INFO] [stdout] 
[INFO] [stdout] 
[INFO] [stdout] error[E0599]: no method named `horizontal_min` found for struct `Simd` in the current scope
[INFO] [stdout]    --> src/lib.rs:52:39
[INFO] [stdout]     |
[INFO] [stdout] 52  |                     let mut agg = agg.horizontal_min();
[INFO] [stdout]     |                                       ^^^^^^^^^^^^^^ method not found in `Simd<u64, 4>`
[INFO] [stdout] ...
[INFO] [stdout] 108 | impl_op!(u64);
[INFO] [stdout]     | ------------- in this macro invocation
[INFO] [stdout]     |
[INFO] [stdout]     = note: this error originates in the macro `impl_op` (in Nightly builds, run with -Z macro-backtrace for more info)
[INFO] [stdout] 
[INFO] [stdout] 
[INFO] [stdout] error[E0599]: no method named `horizontal_min` found for struct `Simd` in the current scope
[INFO] [stdout]    --> src/lib.rs:52:39
[INFO] [stdout]     |
[INFO] [stdout] 52  |                     let mut agg = agg.horizontal_min();
[INFO] [stdout]     |                                       ^^^^^^^^^^^^^^ method not found in `Simd<u64, 4>`
[INFO] [stdout] ...
[INFO] [stdout] 108 | impl_op!(u64);
[INFO] [stdout]     | ------------- in this macro invocation
[INFO] [stdout]     |
[INFO] [stdout]     = note: this error originates in the macro `impl_op` (in Nightly builds, run with -Z macro-backtrace for more info)
[INFO] [stdout] 
[INFO] [stdout] 
[INFO] [stdout] error[E0599]: no method named `horizontal_max` found for struct `Simd` in the current scope
[INFO] [stdout]    --> src/lib.rs:83:39
[INFO] [stdout]     |
[INFO] [stdout] 83  |                     let mut agg = agg.horizontal_max();
[INFO] [stdout]     |                                       ^^^^^^^^^^^^^^ method not found in `Simd<u64, 4>`
[INFO] [stdout] ...
[INFO] [stdout] 108 | impl_op!(u64);
[INFO] [stdout]     | ------------- in this macro invocation
[INFO] [stdout]     |
[INFO] [stdout]     = note: this error originates in the macro `impl_op` (in Nightly builds, run with -Z macro-backtrace for more info)
[INFO] [stdout] 
[INFO] [stdout] 
[INFO] [stdout] error[E0599]: no method named `horizontal_max` found for struct `Simd` in the current scope
[INFO] [stdout]    --> src/lib.rs:83:39
[INFO] [stdout]     |
[INFO] [stdout] 83  |                     let mut agg = agg.horizontal_max();
[INFO] [stdout]     |                                       ^^^^^^^^^^^^^^ method not found in `Simd<u64, 4>`
[INFO] [stdout] ...
[INFO] [stdout] 108 | impl_op!(u64);
[INFO] [stdout]     | ------------- in this macro invocation
[INFO] [stdout]     |
[INFO] [stdout]     = note: this error originates in the macro `impl_op` (in Nightly builds, run with -Z macro-backtrace for more info)
[INFO] [stdout] 
[INFO] [stdout] 
[INFO] [stdout] error[E0599]: no method named `horizontal_sum` found for struct `Simd` in the current scope
[INFO] [stdout]    --> src/lib.rs:36:35
[INFO] [stdout]     |
[INFO] [stdout] 36  |                 let mut agg = agg.horizontal_sum();
[INFO] [stdout]     |                                   ^^^^^^^^^^^^^^ method not found in `Simd<usize, 4>`
[INFO] [stdout] ...
[INFO] [stdout] 109 | impl_op!(usize);
[INFO] [stdout]     | --------------- in this macro invocation
[INFO] [stdout]     |
[INFO] [stdout]     = note: this error originates in the macro `impl_op` (in Nightly builds, run with -Z macro-backtrace for more info)
[INFO] [stdout] 
[INFO] [stdout] 
[INFO] [stdout] error[E0599]: no method named `horizontal_sum` found for struct `Simd` in the current scope
[INFO] [stdout]    --> src/lib.rs:36:35
[INFO] [stdout]     |
[INFO] [stdout] 36  |                 let mut agg = agg.horizontal_sum();
[INFO] [stdout]     |                                   ^^^^^^^^^^^^^^ method not found in `Simd<usize, 4>`
[INFO] [stdout] ...
[INFO] [stdout] 109 | impl_op!(usize);
[INFO] [stdout]     | --------------- in this macro invocation
[INFO] [stdout]     |
[INFO] [stdout]     = note: this error originates in the macro `impl_op` (in Nightly builds, run with -Z macro-backtrace for more info)
[INFO] [stdout] 
[INFO] [stdout] 
[INFO] [stdout] error[E0599]: no method named `horizontal_min` found for struct `Simd` in the current scope
[INFO] [stdout]    --> src/lib.rs:52:39
[INFO] [stdout]     |
[INFO] [stdout] 52  |                     let mut agg = agg.horizontal_min();
[INFO] [stdout]     |                                       ^^^^^^^^^^^^^^ method not found in `Simd<usize, 4>`
[INFO] [stdout] ...
[INFO] [stdout] 109 | impl_op!(usize);
[INFO] [stdout]     | --------------- in this macro invocation
[INFO] [stdout]     |
[INFO] [stdout]     = note: this error originates in the macro `impl_op` (in Nightly builds, run with -Z macro-backtrace for more info)
[INFO] [stdout] 
[INFO] [stdout] 
[INFO] [stdout] error[E0599]: no method named `horizontal_max` found for struct `Simd` in the current scope
[INFO] [stdout]    --> src/lib.rs:83:39
[INFO] [stdout]     |
[INFO] [stdout] 83  |                     let mut agg = agg.horizontal_max();
[INFO] [stdout]     |                                       ^^^^^^^^^^^^^^ method not found in `Simd<usize, 4>`
[INFO] [stdout] ...
[INFO] [stdout] 109 | impl_op!(usize);
[INFO] [stdout]     | --------------- in this macro invocation
[INFO] [stdout]     |
[INFO] [stdout]     = note: this error originates in the macro `impl_op` (in Nightly builds, run with -Z macro-backtrace for more info)
[INFO] [stdout] 
[INFO] [stdout] 
[INFO] [stdout] error[E0599]: no method named `horizontal_min` found for struct `Simd` in the current scope
[INFO] [stdout]    --> src/lib.rs:52:39
[INFO] [stdout]     |
[INFO] [stdout] 52  |                     let mut agg = agg.horizontal_min();
[INFO] [stdout]     |                                       ^^^^^^^^^^^^^^ method not found in `Simd<usize, 4>`
[INFO] [stdout] ...
[INFO] [stdout] 109 | impl_op!(usize);
[INFO] [stdout]     | --------------- in this macro invocation
[INFO] [stdout]     |
[INFO] [stdout]     = note: this error originates in the macro `impl_op` (in Nightly builds, run with -Z macro-backtrace for more info)
[INFO] [stdout] 
[INFO] [stdout] 
[INFO] [stdout] error[E0599]: no method named `horizontal_max` found for struct `Simd` in the current scope
[INFO] [stdout]    --> src/lib.rs:83:39
[INFO] [stdout]     |
[INFO] [stdout] 83  |                     let mut agg = agg.horizontal_max();
[INFO] [stdout]     |                                       ^^^^^^^^^^^^^^ method not found in `Simd<usize, 4>`
[INFO] [stdout] ...
[INFO] [stdout] 109 | impl_op!(usize);
[INFO] [stdout]     | --------------- in this macro invocation
[INFO] [stdout]     |
[INFO] [stdout]     = note: this error originates in the macro `impl_op` (in Nightly builds, run with -Z macro-backtrace for more info)
[INFO] [stdout] 
[INFO] [stdout] 
[INFO] [stdout] error[E0599]: no method named `horizontal_sum` found for struct `Simd` in the current scope
[INFO] [stdout]    --> src/lib.rs:36:35
[INFO] [stdout]     |
[INFO] [stdout] 36  |                 let mut agg = agg.horizontal_sum();
[INFO] [stdout]     |                                   ^^^^^^^^^^^^^^ method not found in `Simd<i8, 4>`
[INFO] [stdout] ...
[INFO] [stdout] 110 | impl_op!(i8);
[INFO] [stdout]     | ------------ in this macro invocation
[INFO] [stdout]     |
[INFO] [stdout]     = note: this error originates in the macro `impl_op` (in Nightly builds, run with -Z macro-backtrace for more info)
[INFO] [stdout] 
[INFO] [stdout] 
[INFO] [stdout] error[E0599]: no method named `horizontal_min` found for struct `Simd` in the current scope
[INFO] [stdout]    --> src/lib.rs:52:39
[INFO] [stdout]     |
[INFO] [stdout] 52  |                     let mut agg = agg.horizontal_min();
[INFO] [stdout]     |                                       ^^^^^^^^^^^^^^ method not found in `Simd<i8, 4>`
[INFO] [stdout] ...
[INFO] [stdout] 110 | impl_op!(i8);
[INFO] [stdout]     | ------------ in this macro invocation
[INFO] [stdout]     |
[INFO] [stdout]     = note: this error originates in the macro `impl_op` (in Nightly builds, run with -Z macro-backtrace for more info)
[INFO] [stdout] 
[INFO] [stdout] 
[INFO] [stdout] error[E0599]: no method named `horizontal_sum` found for struct `Simd` in the current scope
[INFO] [stdout]    --> src/lib.rs:36:35
[INFO] [stdout]     |
[INFO] [stdout] 36  |                 let mut agg = agg.horizontal_sum();
[INFO] [stdout]     |                                   ^^^^^^^^^^^^^^ method not found in `Simd<i8, 4>`
[INFO] [stdout] ...
[INFO] [stdout] 110 | impl_op!(i8);
[INFO] [stdout]     | ------------ in this macro invocation
[INFO] [stdout]     |
[INFO] [stdout]     = note: this error originates in the macro `impl_op` (in Nightly builds, run with -Z macro-backtrace for more info)
[INFO] [stdout] 
[INFO] [stdout] 
[INFO] [stdout] error[E0599]: no method named `horizontal_min` found for struct `Simd` in the current scope
[INFO] [stdout]    --> src/lib.rs:52:39
[INFO] [stdout]     |
[INFO] [stdout] 52  |                     let mut agg = agg.horizontal_min();
[INFO] [stdout]     |                                       ^^^^^^^^^^^^^^ method not found in `Simd<i8, 4>`
[INFO] [stdout] ...
[INFO] [stdout] 110 | impl_op!(i8);
[INFO] [stdout]     | ------------ in this macro invocation
[INFO] [stdout]     |
[INFO] [stdout]     = note: this error originates in the macro `impl_op` (in Nightly builds, run with -Z macro-backtrace for more info)
[INFO] [stdout] 
[INFO] [stdout] 
[INFO] [stdout] error[E0599]: no method named `horizontal_max` found for struct `Simd` in the current scope
[INFO] [stdout]    --> src/lib.rs:83:39
[INFO] [stdout]     |
[INFO] [stdout] 83  |                     let mut agg = agg.horizontal_max();
[INFO] [stdout]     |                                       ^^^^^^^^^^^^^^ method not found in `Simd<i8, 4>`
[INFO] [stdout] ...
[INFO] [stdout] 110 | impl_op!(i8);
[INFO] [stdout]     | ------------ in this macro invocation
[INFO] [stdout]     |
[INFO] [stdout]     = note: this error originates in the macro `impl_op` (in Nightly builds, run with -Z macro-backtrace for more info)
[INFO] [stdout] 
[INFO] [stdout] 
[INFO] [stdout] error[E0599]: no method named `horizontal_max` found for struct `Simd` in the current scope
[INFO] [stdout]    --> src/lib.rs:83:39
[INFO] [stdout]     |
[INFO] [stdout] 83  |                     let mut agg = agg.horizontal_max();
[INFO] [stdout]     |                                       ^^^^^^^^^^^^^^ method not found in `Simd<i8, 4>`
[INFO] [stdout] ...
[INFO] [stdout] 110 | impl_op!(i8);
[INFO] [stdout]     | ------------ in this macro invocation
[INFO] [stdout]     |
[INFO] [stdout]     = note: this error originates in the macro `impl_op` (in Nightly builds, run with -Z macro-backtrace for more info)
[INFO] [stdout] 
[INFO] [stdout] 
[INFO] [stdout] error[E0599]: no method named `horizontal_sum` found for struct `Simd` in the current scope
[INFO] [stdout]    --> src/lib.rs:36:35
[INFO] [stdout]     |
[INFO] [stdout] 36  |                 let mut agg = agg.horizontal_sum();
[INFO] [stdout]     |                                   ^^^^^^^^^^^^^^ method not found in `Simd<i16, 4>`
[INFO] [stdout] ...
[INFO] [stdout] 111 | impl_op!(i16);
[INFO] [stdout]     | ------------- in this macro invocation
[INFO] [stdout]     |
[INFO] [stdout]     = note: this error originates in the macro `impl_op` (in Nightly builds, run with -Z macro-backtrace for more info)
[INFO] [stdout] 
[INFO] [stdout] 
[INFO] [stdout] error[E0599]: no method named `horizontal_min` found for struct `Simd` in the current scope
[INFO] [stdout]    --> src/lib.rs:52:39
[INFO] [stdout]     |
[INFO] [stdout] 52  |                     let mut agg = agg.horizontal_min();
[INFO] [stdout]     |                                       ^^^^^^^^^^^^^^ method not found in `Simd<i16, 4>`
[INFO] [stdout] ...
[INFO] [stdout] 111 | impl_op!(i16);
[INFO] [stdout]     | ------------- in this macro invocation
[INFO] [stdout]     |
[INFO] [stdout]     = note: this error originates in the macro `impl_op` (in Nightly builds, run with -Z macro-backtrace for more info)
[INFO] [stdout] 
[INFO] [stdout] 
[INFO] [stdout] error[E0599]: no method named `horizontal_sum` found for struct `Simd` in the current scope
[INFO] [stdout]    --> src/lib.rs:36:35
[INFO] [stdout]     |
[INFO] [stdout] 36  |                 let mut agg = agg.horizontal_sum();
[INFO] [stdout]     |                                   ^^^^^^^^^^^^^^ method not found in `Simd<i16, 4>`
[INFO] [stdout] ...
[INFO] [stdout] 111 | impl_op!(i16);
[INFO] [stdout]     | ------------- in this macro invocation
[INFO] [stdout]     |
[INFO] [stdout]     = note: this error originates in the macro `impl_op` (in Nightly builds, run with -Z macro-backtrace for more info)
[INFO] [stdout] 
[INFO] [stdout] 
[INFO] [stdout] error[E0599]: no method named `horizontal_min` found for struct `Simd` in the current scope
[INFO] [stdout]    --> src/lib.rs:52:39
[INFO] [stdout]     |
[INFO] [stdout] 52  |                     let mut agg = agg.horizontal_min();
[INFO] [stdout]     |                                       ^^^^^^^^^^^^^^ method not found in `Simd<i16, 4>`
[INFO] [stdout] ...
[INFO] [stdout] 111 | impl_op!(i16);
[INFO] [stdout]     | ------------- in this macro invocation
[INFO] [stdout]     |
[INFO] [stdout]     = note: this error originates in the macro `impl_op` (in Nightly builds, run with -Z macro-backtrace for more info)
[INFO] [stdout] 
[INFO] [stdout] 
[INFO] [stdout] error[E0599]: no method named `horizontal_max` found for struct `Simd` in the current scope
[INFO] [stdout]    --> src/lib.rs:83:39
[INFO] [stdout]     |
[INFO] [stdout] 83  |                     let mut agg = agg.horizontal_max();
[INFO] [stdout]     |                                       ^^^^^^^^^^^^^^ method not found in `Simd<i16, 4>`
[INFO] [stdout] ...
[INFO] [stdout] 111 | impl_op!(i16);
[INFO] [stdout]     | ------------- in this macro invocation
[INFO] [stdout]     |
[INFO] [stdout]     = note: this error originates in the macro `impl_op` (in Nightly builds, run with -Z macro-backtrace for more info)
[INFO] [stdout] 
[INFO] [stdout] 
[INFO] [stdout] error[E0599]: no method named `horizontal_max` found for struct `Simd` in the current scope
[INFO] [stdout]    --> src/lib.rs:83:39
[INFO] [stdout]     |
[INFO] [stdout] 83  |                     let mut agg = agg.horizontal_max();
[INFO] [stdout]     |                                       ^^^^^^^^^^^^^^ method not found in `Simd<i16, 4>`
[INFO] [stdout] ...
[INFO] [stdout] 111 | impl_op!(i16);
[INFO] [stdout]     | ------------- in this macro invocation
[INFO] [stdout]     |
[INFO] [stdout]     = note: this error originates in the macro `impl_op` (in Nightly builds, run with -Z macro-backtrace for more info)
[INFO] [stdout] 
[INFO] [stdout] 
[INFO] [stdout] error[E0599]: no method named `horizontal_sum` found for struct `Simd` in the current scope
[INFO] [stdout]    --> src/lib.rs:36:35
[INFO] [stdout]     |
[INFO] [stdout] 36  |                 let mut agg = agg.horizontal_sum();
[INFO] [stdout]     |                                   ^^^^^^^^^^^^^^ method not found in `Simd<i32, 4>`
[INFO] [stdout] ...
[INFO] [stdout] 112 | impl_op!(i32);
[INFO] [stdout]     | ------------- in this macro invocation
[INFO] [stdout]     |
[INFO] [stdout]     = note: this error originates in the macro `impl_op` (in Nightly builds, run with -Z macro-backtrace for more info)
[INFO] [stdout] 
[INFO] [stdout] 
[INFO] [stdout] error[E0599]: no method named `horizontal_sum` found for struct `Simd` in the current scope
[INFO] [stdout]    --> src/lib.rs:36:35
[INFO] [stdout]     |
[INFO] [stdout] 36  |                 let mut agg = agg.horizontal_sum();
[INFO] [stdout]     |                                   ^^^^^^^^^^^^^^ method not found in `Simd<i32, 4>`
[INFO] [stdout] ...
[INFO] [stdout] 112 | impl_op!(i32);
[INFO] [stdout]     | ------------- in this macro invocation
[INFO] [stdout]     |
[INFO] [stdout]     = note: this error originates in the macro `impl_op` (in Nightly builds, run with -Z macro-backtrace for more info)
[INFO] [stdout] 
[INFO] [stdout] 
[INFO] [stdout] error[E0599]: no method named `horizontal_min` found for struct `Simd` in the current scope
[INFO] [stdout]    --> src/lib.rs:52:39
[INFO] [stdout]     |
[INFO] [stdout] 52  |                     let mut agg = agg.horizontal_min();
[INFO] [stdout]     |                                       ^^^^^^^^^^^^^^ method not found in `Simd<i32, 4>`
[INFO] [stdout] ...
[INFO] [stdout] 112 | impl_op!(i32);
[INFO] [stdout]     | ------------- in this macro invocation
[INFO] [stdout]     |
[INFO] [stdout]     = note: this error originates in the macro `impl_op` (in Nightly builds, run with -Z macro-backtrace for more info)
[INFO] [stdout] 
[INFO] [stdout] 
[INFO] [stdout] error[E0599]: no method named `horizontal_min` found for struct `Simd` in the current scope
[INFO] [stdout]    --> src/lib.rs:52:39
[INFO] [stdout]     |
[INFO] [stdout] 52  |                     let mut agg = agg.horizontal_min();
[INFO] [stdout]     |                                       ^^^^^^^^^^^^^^ method not found in `Simd<i32, 4>`
[INFO] [stdout] ...
[INFO] [stdout] 112 | impl_op!(i32);
[INFO] [stdout]     | ------------- in this macro invocation
[INFO] [stdout]     |
[INFO] [stdout]     = note: this error originates in the macro `impl_op` (in Nightly builds, run with -Z macro-backtrace for more info)
[INFO] [stdout] 
[INFO] [stdout] 
[INFO] [stdout] error[E0599]: no method named `horizontal_max` found for struct `Simd` in the current scope
[INFO] [stdout]    --> src/lib.rs:83:39
[INFO] [stdout]     |
[INFO] [stdout] 83  |                     let mut agg = agg.horizontal_max();
[INFO] [stdout]     |                                       ^^^^^^^^^^^^^^ method not found in `Simd<i32, 4>`
[INFO] [stdout] ...
[INFO] [stdout] 112 | impl_op!(i32);
[INFO] [stdout]     | ------------- in this macro invocation
[INFO] [stdout]     |
[INFO] [stdout]     = note: this error originates in the macro `impl_op` (in Nightly builds, run with -Z macro-backtrace for more info)
[INFO] [stdout] 
[INFO] [stdout] 
[INFO] [stdout] error[E0599]: no method named `horizontal_max` found for struct `Simd` in the current scope
[INFO] [stdout]    --> src/lib.rs:83:39
[INFO] [stdout]     |
[INFO] [stdout] 83  |                     let mut agg = agg.horizontal_max();
[INFO] [stdout]     |                                       ^^^^^^^^^^^^^^ method not found in `Simd<i32, 4>`
[INFO] [stdout] ...
[INFO] [stdout] 112 | impl_op!(i32);
[INFO] [stdout]     | ------------- in this macro invocation
[INFO] [stdout]     |
[INFO] [stdout]     = note: this error originates in the macro `impl_op` (in Nightly builds, run with -Z macro-backtrace for more info)
[INFO] [stdout] 
[INFO] [stdout] 
[INFO] [stdout] error[E0599]: no method named `horizontal_sum` found for struct `Simd` in the current scope
[INFO] [stdout]    --> src/lib.rs:36:35
[INFO] [stdout]     |
[INFO] [stdout] 36  |                 let mut agg = agg.horizontal_sum();
[INFO] [stdout]     |                                   ^^^^^^^^^^^^^^ method not found in `Simd<i64, 4>`
[INFO] [stdout] ...
[INFO] [stdout] 113 | impl_op!(i64);
[INFO] [stdout]     | ------------- in this macro invocation
[INFO] [stdout]     |
[INFO] [stdout]     = note: this error originates in the macro `impl_op` (in Nightly builds, run with -Z macro-backtrace for more info)
[INFO] [stdout] 
[INFO] [stdout] 
[INFO] [stdout] error[E0599]: no method named `horizontal_sum` found for struct `Simd` in the current scope
[INFO] [stdout]    --> src/lib.rs:36:35
[INFO] [stdout]     |
[INFO] [stdout] 36  |                 let mut agg = agg.horizontal_sum();
[INFO] [stdout]     |                                   ^^^^^^^^^^^^^^ method not found in `Simd<i64, 4>`
[INFO] [stdout] ...
[INFO] [stdout] 113 | impl_op!(i64);
[INFO] [stdout]     | ------------- in this macro invocation
[INFO] [stdout]     |
[INFO] [stdout]     = note: this error originates in the macro `impl_op` (in Nightly builds, run with -Z macro-backtrace for more info)
[INFO] [stdout] 
[INFO] [stdout] 
[INFO] [stdout] error[E0599]: no method named `horizontal_min` found for struct `Simd` in the current scope
[INFO] [stdout]    --> src/lib.rs:52:39
[INFO] [stdout]     |
[INFO] [stdout] 52  |                     let mut agg = agg.horizontal_min();
[INFO] [stdout]     |                                       ^^^^^^^^^^^^^^ method not found in `Simd<i64, 4>`
[INFO] [stdout] ...
[INFO] [stdout] 113 | impl_op!(i64);
[INFO] [stdout]     | ------------- in this macro invocation
[INFO] [stdout]     |
[INFO] [stdout]     = note: this error originates in the macro `impl_op` (in Nightly builds, run with -Z macro-backtrace for more info)
[INFO] [stdout] 
[INFO] [stdout] 
[INFO] [stdout] error[E0599]: no method named `horizontal_min` found for struct `Simd` in the current scope
[INFO] [stdout]    --> src/lib.rs:52:39
[INFO] [stdout]     |
[INFO] [stdout] 52  |                     let mut agg = agg.horizontal_min();
[INFO] [stdout]     |                                       ^^^^^^^^^^^^^^ method not found in `Simd<i64, 4>`
[INFO] [stdout] ...
[INFO] [stdout] 113 | impl_op!(i64);
[INFO] [stdout]     | ------------- in this macro invocation
[INFO] [stdout]     |
[INFO] [stdout]     = note: this error originates in the macro `impl_op` (in Nightly builds, run with -Z macro-backtrace for more info)
[INFO] [stdout] 
[INFO] [stdout] 
[INFO] [stdout] error[E0599]: no method named `horizontal_max` found for struct `Simd` in the current scope
[INFO] [stdout]    --> src/lib.rs:83:39
[INFO] [stdout]     |
[INFO] [stdout] 83  |                     let mut agg = agg.horizontal_max();
[INFO] [stdout]     |                                       ^^^^^^^^^^^^^^ method not found in `Simd<i64, 4>`
[INFO] [stdout] ...
[INFO] [stdout] 113 | impl_op!(i64);
[INFO] [stdout]     | ------------- in this macro invocation
[INFO] [stdout]     |
[INFO] [stdout]     = note: this error originates in the macro `impl_op` (in Nightly builds, run with -Z macro-backtrace for more info)
[INFO] [stdout] 
[INFO] [stdout] 
[INFO] [stdout] error[E0599]: no method named `horizontal_max` found for struct `Simd` in the current scope
[INFO] [stdout]    --> src/lib.rs:83:39
[INFO] [stdout]     |
[INFO] [stdout] 83  |                     let mut agg = agg.horizontal_max();
[INFO] [stdout]     |                                       ^^^^^^^^^^^^^^ method not found in `Simd<i64, 4>`
[INFO] [stdout] ...
[INFO] [stdout] 113 | impl_op!(i64);
[INFO] [stdout]     | ------------- in this macro invocation
[INFO] [stdout]     |
[INFO] [stdout]     = note: this error originates in the macro `impl_op` (in Nightly builds, run with -Z macro-backtrace for more info)
[INFO] [stdout] 
[INFO] [stdout] 
[INFO] [stdout] error[E0599]: no method named `horizontal_sum` found for struct `Simd` in the current scope
[INFO] [stdout]    --> src/lib.rs:36:35
[INFO] [stdout]     |
[INFO] [stdout] 36  |                 let mut agg = agg.horizontal_sum();
[INFO] [stdout]     |                                   ^^^^^^^^^^^^^^ method not found in `Simd<isize, 4>`
[INFO] [stdout] ...
[INFO] [stdout] 114 | impl_op!(isize);
[INFO] [stdout]     | --------------- in this macro invocation
[INFO] [stdout]     |
[INFO] [stdout]     = note: this error originates in the macro `impl_op` (in Nightly builds, run with -Z macro-backtrace for more info)
[INFO] [stdout] 
[INFO] [stdout] 
[INFO] [stdout] error[E0599]: no method named `horizontal_min` found for struct `Simd` in the current scope
[INFO] [stdout]    --> src/lib.rs:52:39
[INFO] [stdout]     |
[INFO] [stdout] 52  |                     let mut agg = agg.horizontal_min();
[INFO] [stdout]     |                                       ^^^^^^^^^^^^^^ method not found in `Simd<isize, 4>`
[INFO] [stdout] ...
[INFO] [stdout] 114 | impl_op!(isize);
[INFO] [stdout]     | --------------- in this macro invocation
[INFO] [stdout]     |
[INFO] [stdout]     = note: this error originates in the macro `impl_op` (in Nightly builds, run with -Z macro-backtrace for more info)
[INFO] [stdout] 
[INFO] [stdout] 
[INFO] [stdout] error[E0599]: no method named `horizontal_sum` found for struct `Simd` in the current scope
[INFO] [stdout]    --> src/lib.rs:36:35
[INFO] [stdout]     |
[INFO] [stdout] 36  |                 let mut agg = agg.horizontal_sum();
[INFO] [stdout]     |                                   ^^^^^^^^^^^^^^ method not found in `Simd<isize, 4>`
[INFO] [stdout] ...
[INFO] [stdout] 114 | impl_op!(isize);
[INFO] [stdout]     | --------------- in this macro invocation
[INFO] [stdout]     |
[INFO] [stdout]     = note: this error originates in the macro `impl_op` (in Nightly builds, run with -Z macro-backtrace for more info)
[INFO] [stdout] 
[INFO] [stdout] 
[INFO] [stdout] error[E0599]: no method named `horizontal_max` found for struct `Simd` in the current scope
[INFO] [stdout]    --> src/lib.rs:83:39
[INFO] [stdout]     |
[INFO] [stdout] 83  |                     let mut agg = agg.horizontal_max();
[INFO] [stdout]     |                                       ^^^^^^^^^^^^^^ method not found in `Simd<isize, 4>`
[INFO] [stdout] ...
[INFO] [stdout] 114 | impl_op!(isize);
[INFO] [stdout]     | --------------- in this macro invocation
[INFO] [stdout]     |
[INFO] [stdout]     = note: this error originates in the macro `impl_op` (in Nightly builds, run with -Z macro-backtrace for more info)
[INFO] [stdout] 
[INFO] [stdout] 
[INFO] [stdout] error[E0599]: no method named `horizontal_min` found for struct `Simd` in the current scope
[INFO] [stdout]    --> src/lib.rs:52:39
[INFO] [stdout]     |
[INFO] [stdout] 52  |                     let mut agg = agg.horizontal_min();
[INFO] [stdout]     |                                       ^^^^^^^^^^^^^^ method not found in `Simd<isize, 4>`
[INFO] [stdout] ...
[INFO] [stdout] 114 | impl_op!(isize);
[INFO] [stdout]     | --------------- in this macro invocation
[INFO] [stdout]     |
[INFO] [stdout]     = note: this error originates in the macro `impl_op` (in Nightly builds, run with -Z macro-backtrace for more info)
[INFO] [stdout] 
[INFO] [stdout] 
[INFO] [stdout] error[E0599]: no method named `horizontal_sum` found for struct `Simd` in the current scope
[INFO] [stdout]    --> src/lib.rs:36:35
[INFO] [stdout]     |
[INFO] [stdout] 36  |                 let mut agg = agg.horizontal_sum();
[INFO] [stdout]     |                                   ^^^^^^^^^^^^^^ method not found in `Simd<f32, 4>`
[INFO] [stdout] ...
[INFO] [stdout] 115 | impl_op!(f32);
[INFO] [stdout]     | ------------- in this macro invocation
[INFO] [stdout]     |
[INFO] [stdout]     = note: this error originates in the macro `impl_op` (in Nightly builds, run with -Z macro-backtrace for more info)
[INFO] [stdout] 
[INFO] [stdout] 
[INFO] [stdout] error[E0599]: no method named `horizontal_min` found for struct `Simd` in the current scope
[INFO] [stdout]    --> src/lib.rs:52:39
[INFO] [stdout]     |
[INFO] [stdout] 52  |                     let mut agg = agg.horizontal_min();
[INFO] [stdout]     |                                       ^^^^^^^^^^^^^^ method not found in `Simd<f32, 4>`
[INFO] [stdout] ...
[INFO] [stdout] 115 | impl_op!(f32);
[INFO] [stdout]     | ------------- in this macro invocation
[INFO] [stdout]     |
[INFO] [stdout]     = note: this error originates in the macro `impl_op` (in Nightly builds, run with -Z macro-backtrace for more info)
[INFO] [stdout] 
[INFO] [stdout] 
[INFO] [stdout] error[E0599]: no method named `horizontal_max` found for struct `Simd` in the current scope
[INFO] [stdout]    --> src/lib.rs:83:39
[INFO] [stdout]     |
[INFO] [stdout] 83  |                     let mut agg = agg.horizontal_max();
[INFO] [stdout]     |                                       ^^^^^^^^^^^^^^ method not found in `Simd<isize, 4>`
[INFO] [stdout] ...
[INFO] [stdout] 114 | impl_op!(isize);
[INFO] [stdout]     | --------------- in this macro invocation
[INFO] [stdout]     |
[INFO] [stdout]     = note: this error originates in the macro `impl_op` (in Nightly builds, run with -Z macro-backtrace for more info)
[INFO] [stdout] 
[INFO] [stdout] 
[INFO] [stdout] error[E0599]: no method named `horizontal_max` found for struct `Simd` in the current scope
[INFO] [stdout]    --> src/lib.rs:83:39
[INFO] [stdout]     |
[INFO] [stdout] 83  |                     let mut agg = agg.horizontal_max();
[INFO] [stdout]     |                                       ^^^^^^^^^^^^^^ method not found in `Simd<f32, 4>`
[INFO] [stdout] ...
[INFO] [stdout] 115 | impl_op!(f32);
[INFO] [stdout]     | ------------- in this macro invocation
[INFO] [stdout]     |
[INFO] [stdout]     = note: this error originates in the macro `impl_op` (in Nightly builds, run with -Z macro-backtrace for more info)
[INFO] [stdout] 
[INFO] [stdout] 
[INFO] [stdout] error[E0599]: no method named `horizontal_sum` found for struct `Simd` in the current scope
[INFO] [stdout]    --> src/lib.rs:36:35
[INFO] [stdout]     |
[INFO] [stdout] 36  |                 let mut agg = agg.horizontal_sum();
[INFO] [stdout]     |                                   ^^^^^^^^^^^^^^ method not found in `Simd<f32, 4>`
[INFO] [stdout] ...
[INFO] [stdout] 115 | impl_op!(f32);
[INFO] [stdout]     | ------------- in this macro invocation
[INFO] [stdout]     |
[INFO] [stdout]     = note: this error originates in the macro `impl_op` (in Nightly builds, run with -Z macro-backtrace for more info)
[INFO] [stdout] 
[INFO] [stdout] 
[INFO] [stdout] error[E0599]: no method named `horizontal_sum` found for struct `Simd` in the current scope
[INFO] [stdout]    --> src/lib.rs:36:35
[INFO] [stdout]     |
[INFO] [stdout] 36  |                 let mut agg = agg.horizontal_sum();
[INFO] [stdout]     |                                   ^^^^^^^^^^^^^^ method not found in `Simd<f64, 4>`
[INFO] [stdout] ...
[INFO] [stdout] 116 | impl_op!(f64);
[INFO] [stdout]     | ------------- in this macro invocation
[INFO] [stdout]     |
[INFO] [stdout]     = note: this error originates in the macro `impl_op` (in Nightly builds, run with -Z macro-backtrace for more info)
[INFO] [stdout] 
[INFO] [stdout] 
[INFO] [stdout] error[E0599]: no method named `horizontal_min` found for struct `Simd` in the current scope
[INFO] [stdout]    --> src/lib.rs:52:39
[INFO] [stdout]     |
[INFO] [stdout] 52  |                     let mut agg = agg.horizontal_min();
[INFO] [stdout]     |                                       ^^^^^^^^^^^^^^ method not found in `Simd<f64, 4>`
[INFO] [stdout] ...
[INFO] [stdout] 116 | impl_op!(f64);
[INFO] [stdout]     | ------------- in this macro invocation
[INFO] [stdout]     |
[INFO] [stdout]     = note: this error originates in the macro `impl_op` (in Nightly builds, run with -Z macro-backtrace for more info)
[INFO] [stdout] 
[INFO] [stdout] 
[INFO] [stdout] error[E0599]: no method named `horizontal_min` found for struct `Simd` in the current scope
[INFO] [stdout]    --> src/lib.rs:52:39
[INFO] [stdout]     |
[INFO] [stdout] 52  |                     let mut agg = agg.horizontal_min();
[INFO] [stdout]     |                                       ^^^^^^^^^^^^^^ method not found in `Simd<f32, 4>`
[INFO] [stdout] ...
[INFO] [stdout] 115 | impl_op!(f32);
[INFO] [stdout]     | ------------- in this macro invocation
[INFO] [stdout]     |
[INFO] [stdout]     = note: this error originates in the macro `impl_op` (in Nightly builds, run with -Z macro-backtrace for more info)
[INFO] [stdout] 
[INFO] [stdout] 
[INFO] [stdout] error[E0599]: no method named `horizontal_max` found for struct `Simd` in the current scope
[INFO] [stdout]    --> src/lib.rs:83:39
[INFO] [stdout]     |
[INFO] [stdout] 83  |                     let mut agg = agg.horizontal_max();
[INFO] [stdout]     |                                       ^^^^^^^^^^^^^^ method not found in `Simd<f64, 4>`
[INFO] [stdout] ...
[INFO] [stdout] 116 | impl_op!(f64);
[INFO] [stdout]     | ------------- in this macro invocation
[INFO] [stdout]     |
[INFO] [stdout]     = note: this error originates in the macro `impl_op` (in Nightly builds, run with -Z macro-backtrace for more info)
[INFO] [stdout] 
[INFO] [stdout] 
[INFO] [stdout] error: aborting due to 36 previous errors
[INFO] [stdout] 
[INFO] [stdout] 
[INFO] [stdout] For more information about this error, try `rustc --explain E0599`.
[INFO] [stdout] 
[INFO] [stdout] error[E0599]: no method named `horizontal_max` found for struct `Simd` in the current scope
[INFO] [stdout]    --> src/lib.rs:83:39
[INFO] [stdout]     |
[INFO] [stdout] 83  |                     let mut agg = agg.horizontal_max();
[INFO] [stdout]     |                                       ^^^^^^^^^^^^^^ method not found in `Simd<f32, 4>`
[INFO] [stdout] ...
[INFO] [stdout] 115 | impl_op!(f32);
[INFO] [stdout]     | ------------- in this macro invocation
[INFO] [stdout]     |
[INFO] [stdout]     = note: this error originates in the macro `impl_op` (in Nightly builds, run with -Z macro-backtrace for more info)
[INFO] [stdout] 
[INFO] [stdout] 
[INFO] [stderr] error: could not compile `simd-slice` (lib) due to 37 previous errors
[INFO] [stderr] warning: build failed, waiting for other jobs to finish...
[INFO] [stdout] error[E0599]: no method named `horizontal_sum` found for struct `Simd` in the current scope
[INFO] [stdout]    --> src/lib.rs:36:35
[INFO] [stdout]     |
[INFO] [stdout] 36  |                 let mut agg = agg.horizontal_sum();
[INFO] [stdout]     |                                   ^^^^^^^^^^^^^^ method not found in `Simd<f64, 4>`
[INFO] [stdout] ...
[INFO] [stdout] 116 | impl_op!(f64);
[INFO] [stdout]     | ------------- in this macro invocation
[INFO] [stdout]     |
[INFO] [stdout]     = note: this error originates in the macro `impl_op` (in Nightly builds, run with -Z macro-backtrace for more info)
[INFO] [stdout] 
[INFO] [stdout] 
[INFO] [stdout] error[E0599]: no method named `horizontal_min` found for struct `Simd` in the current scope
[INFO] [stdout]    --> src/lib.rs:52:39
[INFO] [stdout]     |
[INFO] [stdout] 52  |                     let mut agg = agg.horizontal_min();
[INFO] [stdout]     |                                       ^^^^^^^^^^^^^^ method not found in `Simd<f64, 4>`
[INFO] [stdout] ...
[INFO] [stdout] 116 | impl_op!(f64);
[INFO] [stdout]     | ------------- in this macro invocation
[INFO] [stdout]     |
[INFO] [stdout]     = note: this error originates in the macro `impl_op` (in Nightly builds, run with -Z macro-backtrace for more info)
[INFO] [stdout] 
[INFO] [stdout] 
[INFO] [stdout] error[E0599]: no method named `horizontal_max` found for struct `Simd` in the current scope
[INFO] [stdout]    --> src/lib.rs:83:39
[INFO] [stdout]     |
[INFO] [stdout] 83  |                     let mut agg = agg.horizontal_max();
[INFO] [stdout]     |                                       ^^^^^^^^^^^^^^ method not found in `Simd<f64, 4>`
[INFO] [stdout] ...
[INFO] [stdout] 116 | impl_op!(f64);
[INFO] [stdout]     | ------------- in this macro invocation
[INFO] [stdout]     |
[INFO] [stdout]     = note: this error originates in the macro `impl_op` (in Nightly builds, run with -Z macro-backtrace for more info)
[INFO] [stdout] 
[INFO] [stdout] 
[INFO] [stdout] error: aborting due to 36 previous errors
[INFO] [stdout] 
[INFO] [stdout] 
[INFO] [stdout] For more information about this error, try `rustc --explain E0599`.
[INFO] [stdout] 
[INFO] [stderr] error: could not compile `simd-slice` (lib test) due to 37 previous errors
[INFO] running `Command { std: "docker" "inspect" "2d5cb1953f42cfea5e372645bf30cd03448787e9fe799a133b7fd863a7da26db", kill_on_drop: false }`
[INFO] running `Command { std: "docker" "rm" "-f" "2d5cb1953f42cfea5e372645bf30cd03448787e9fe799a133b7fd863a7da26db", kill_on_drop: false }`
[INFO] [stdout] 2d5cb1953f42cfea5e372645bf30cd03448787e9fe799a133b7fd863a7da26db
